at is the units digit of 5466?
6
What is the ten thousands digit of 339603?
3
What is the tens digit of 93077?
7
What is the units digit of 3884320?
0
What is the units digit of 6441526?
6
What is the ten thousands digit of 2759375?
5
What is the millions digit of 1490817?
1
What is the ten millions digit of 13688546?
1
What is the thousands digit of 21522294?
2
What is the ten thousands digit of 222255?
2
What is the ten thousands digit of 149704?
4
What is the hundreds digit of 14767727?
7
What is the units digit of 348681?
1
What is the hundred thousands digit of 30218168?
2
What is the hundreds digit of 2795?
7
What is the hundred thousands digit of 1199516?
1
What is the hundreds digit of 570418?
4
What is the hundred thousands digit of 1161973?
1
What is the ten thousands digit of 95440?
9
What is the hundred thousands digit of 1354523?
3
What is the ten thousands digit of 275472?
7
What is the ten thousands digit of 7362715?
6
What is the units digit of 2021184?
4
What is the ten millions digit of 20147775?
2
What is the hundreds digit of 232437?
4
What is the units digit of 5096516?
6
What is the ten thousands digit of 647950?
4
What is the tens digit of 275731?
3
What is the ten thousands digit of 2716872?
1
What is the tens digit of 262309?
0
What is the millions digit of 1257965?
1
What is the hundreds digit of 1054210?
2
What is the tens digit of 87022?
2
What is the thousands digit of 119272?
9
What is the ten thousands digit of 122798?
2
What is the thousands digit of 825460?
5
What is the thousands digit of 734031?
4
What is the tens digit of 328834?
3
What is the tens digit of 1339659?
5
What is the millions digit of 2513015?
2
What is the ten thousands digit of 1872707?
7
What is the thousands digit of 362663?
2
What is the units digit of 20800081?
1
What is the hundred thousands digit of 6458728?
4
What is the tens digit of 213670?
7
What is the units digit of 446309?
9
What is the units digit of 272290?
0
What is the tens digit of 91590?
9
What is the hundred thousands digit of 11553556?
5
What is the tens digit of 44445?
4
What is the hundred thousands digit of 1079431?
0
What is the ten thousands digit of 232219?
3
What is the hundred thousands digit of 986693?
9
What is the ten thousands digit of 525939?
2
What is the ten thousands digit of 19384881?
8
What is the millions digit of 1048897?
1
What is the tens digit of 21714612?
1
What is the millions digit of 5270094?
5
What is the tens digit of 657895?
9
What is the thousands digit of 731931?
1
What is the tens digit of 7644526?
2
What is the ten thousands digit of 2133807?
3
What is the thousands digit of 21131582?
1
What is the ten thousands digit of 450439?
5
What is the thousands digit of 6330485?
0
What is the units digit of 184351?
1
What is the hundreds digit of 24367?
3
What is the ten thousands digit of 94508?
9
What is the thousands digit of 2433246?
3
What is the ten thousands digit of 159198?
5
What is the hundreds digit of 25907756?
7
What is the thousands digit of 36618?
6
What is the units digit of 7554440?
0
What is the hundred thousands digit of 241156?
2
What is the tens digit of 253611?
1
What is the millions digit of 7355628?
7
What is the ten thousands digit of 235194?
3
What is the hundred thousands digit of 7869624?
8
What is the ten millions digit of 17026775?
1
What is the hundreds digit of 112436?
4
What is the hundreds digit of 873181?
1
What is the tens digit of 857158?
5
What is the units digit of 38861?
1
What is the hundreds digit of 610564?
5
What is the millions digit of 1356277?
1
What is the hundred thousands digit of 4509438?
5
What is the hundred thousands digit of 370605?
3
What is the hundred thousands digit of 8573607?
5
What is the hundreds digit of 150927?
9
What is the hundreds digit of 4985?
9
What is the thousands digit of 145197?
5
What is the thousands digit of 1013682?
3
What is the thousands digit of 5662490?
2
What is the hundreds digit of 86503?
5
What is the hundred thousands digit of 1256165?
2
What is the millions digit of 1775175?
1
What is the hundreds digit of 766240?
2
What is the hundreds digit of 1218484?
4
What is the units digit of 3265230?
0
What is the units digit of 5253046?
6
What is the hundreds digit of 182489?
4
What is the hundred thousands digit of 1203135?
2
What is the hundred thousands digit of 541087?
5
What is the hundred thousands digit of 169699?
1
What is the units digit of 4944682?
2
What is the millions digit of 24275058?
4
What is the ten thousands digit of 2576386?
7
What is the ten thousands digit of 1672100?
7
What is the units digit of 9287344?
4
What is the hundreds digit of 254213?
2
What is the hundreds digit of 3437354?
3
What is the units digit of 913728?
8
What is the units digit of 1775966?
6
What is the hundreds digit of 25461192?
1
What is the thousands digit of 549830?
9
What is the hundreds digit of 1870846?
8
What is the tens digit of 10744326?
2
What is the ten thousands digit of 2347136?
4
What is the hundred thousands digit of 315721?
3
What is the thousands digit of 496763?
6
What is the tens digit of 1292713?
1
What is the hundreds digit of 90580?
5
What is the hundred thousands digit of 3102476?
1
What is the ten millions digit of 12229436?
1
What is the millions digit of 14412174?
4
What is the hundreds digit of 4690597?
5
What is the ten millions digit of 22758288?
2
What is the hundreds digit of 15091462?
4
What is the hundred thousands digit of 9308359?
3
What is the thousands digit of 822479?
2
What is the tens digit of 9812753?
5
What is the ten thousands digit of 879240?
7
What is the thousands digit of 8992?
8
What is the millions digit of 10344631?
0
What is the hundred thousands digit of 22686915?
6
What is the ten thousands digit of 2718582?
1
What is the tens digit of 300181?
8
What is the tens digit of 973533?
3
What is the hundreds digit of 519015?
0
What is the thousands digit of 211094?
1
What is the tens digit of 213377?
7
What is the units digit of 348366?
6
What is the units digit of 27901434?
4
What is the thousands digit of 213079?
3
What is the ten thousands digit of 12957218?
5
What is the hundred thousands digit of 488498?
4
What is the hundreds digit of 9227717?
7
What is the thousands digit of 339019?
9
What is the tens digit of 5215630?
3
What is the units digit of 830277?
7
What is the ten millions digit of 17645357?
1
What is the thousands digit of 52004?
2
What is the thousands digit of 12181375?
1
What is the hundreds digit of 27155160?
1
What is the tens digit of 18900566?
6
What is the hundred thousands digit of 25116358?
1
What is the ten thousands digit of 173973?
7
What is the millions digit of 12906551?
2
What is the ten thousands digit of 1476082?
7
What is the millions digit of 14904919?
4
What is the hundreds digit of 1563557?
5
What is the tens digit of 60321?
2
What is the thousands digit of 259624?
9
What is the ten thousands digit of 1126631?
2
What is the units digit of 379816?
6
What is the tens digit of 3177685?
8
What is the tens digit of 408735?
3
What is the ten millions digit of 17318608?
1
What is the hundreds digit of 164795?
7
What is the thousands digit of 36858082?
8
What is the units digit of 400528?
8
What is the hundred thousands digit of 732410?
7
What is the tens digit of 258938?
3
What is the tens digit of 91726?
2
What is the ten thousands digit of 4044545?
4
What is the hundreds digit of 482298?
2
What is the thousands digit of 369856?
9
What is the tens digit of 78261?
6
What is the units digit of 203940?
0
What is the thousands digit of 452482?
2
What is the tens digit of 7415370?
7
What is the thousands digit of 43587?
3
What is the ten thousands digit of 3206313?
0
What is the tens digit of 1245648?
4
What is the hundreds digit of 26316927?
9
What is the ten thousands digit of 27710?
2
What is the ten thousands digit of 160867?
6
What is the hundreds digit of 9292302?
3
What is the tens digit of 5988960?
6
What is the thousands digit of 1246816?
6
What is the hundreds digit of 59221?
2
What is the units digit of 206426?
6
What is the tens digit of 4546609?
0
What is the ten thousands digit of 1487718?
8
What is the tens digit of 5385767?
6
What is the units digit of 489348?
8
What is the hundred t